{"id":32885,"date":"2024-07-29T09:05:27","date_gmt":"2024-07-29T07:05:27","guid":{"rendered":"http:\/\/huberpower.com\/wordpress\/?page_id=32885"},"modified":"2024-09-12T16:16:23","modified_gmt":"2024-09-12T14:16:23","slug":"salinenarchiv-leharstoeckl","status":"publish","type":"page","link":"https:\/\/huberpower.com\/wordpress\/?page_id=32885","title":{"rendered":"SALINENARCHIV LEHARST\u00d6CKL"},"content":{"rendered":"\n<p class=\"wp-block-paragraph\">Im Salinenarchiv Leharst\u00f6ckl ist durch die Stadtgemeinde Bad Ischl die umfangreiche ehemalige Salinen Hauptbibliothek f\u00fcr die \u00d6ffentlichkeit zug\u00e4nglich gemacht worden. Der Bibliotheksbestand umfasst Handschriften, Manuskripte und Druckwerke vom 16. Jhdt. bis heute in rund 5.000 B\u00e4nden. Daneben finden sich in der Sammlung historische Grubenkarten und Lagepl\u00e4ne sowie eine umfangreiche Fotodokumentation s\u00e4mtlicher Salzbergbaue und Salinen.<\/p>\n\n\n\n<p class=\"wp-block-paragraph\">Erg\u00e4nzt werden die Best\u00e4nde noch durch Schaust\u00fccke aus dem Salinenwesen wie \u00d6lbilder, Aquarelle, Skulpturen, historische M\u00f6bel, Mineraliensammlungen, Grubenlampen und bergm\u00e4nnisches Gez\u00e4he.<\/p>\n\n\n\n<p class=\"wp-block-paragraph\">Das Salinenarchiv Leharst\u00f6ckl steht an den \u00d6ffnungstagen als Bestandsbibliothek dem interessierten Publikum ohne Voranmeldung zur Verf\u00fcgung. Anfragen werden von den Archivaren gerne entgegengenommen.<\/p>\n\n\n\n<figure class=\"wp-block-image size-large\"><img loading=\"lazy\" decoding=\"async\" width=\"1024\" height=\"456\" src=\"https:\/\/huberpower.com\/wordpress\/wp-content\/uploads\/2024\/07\/image-57-1024x456.png\" alt=\"\" class=\"wp-image-32886\" srcset=\"https:\/\/huberpower.com\/wordpress\/wp-content\/uploads\/2024\/07\/image-57-1024x456.png 1024w, https:\/\/huberpower.com\/wordpress\/wp-content\/uploads\/2024\/07\/image-57-450x200.png 450w, https:\/\/huberpower.com\/wordpress\/wp-content\/uploads\/2024\/07\/image-57.png 1415w\" sizes=\"auto, (max-width: 1024px) 100vw, 1024px\" \/><figcaption class=\"wp-element-caption\">Bei der Erstellung der Festschrift, wurde ich bestens von Hr. Thomas Nussbaumer betreut.<\/figcaption><\/figure>\n\n\n\n<h2 class=\"wp-block-heading\">Das \u201eLeh\u00e1r-St\u00f6ckl\u201c in Bad Ischl<\/h2>\n\n\n\n<p class=\"wp-block-paragraph\">Beim \u201eLeh\u00e1r- St\u00f6ckl\u201c handelt es sich um ein 1843 erbautes Nebengeb\u00e4ude der \u201eLeh\u00e1r-Villa\u201c, die seit dem Tod des Komponisten im Besitz der Stadtgemeinde Bad Ischl ist. Das \u201eSt\u00f6ckl\u201c befand sich jahrzehntelang im Alleinbesitz der Gattin Leh\u00e1rs und wurde von ihr auch bewohnt, sp\u00e4ter \u2013 bis 1985 \u2013 war darin das Heimatmuseum untergebracht, seit dessen Umzug diente es fast nur noch zu Depotzwecken und war daher schon ziemlich bauf\u00e4llig. Sowohl Villa als \u201eSt\u00f6ckl\u201c stehen unter Denkmalschutz.&lt;<\/p>\n\n\n\n<figure class=\"wp-block-image size-full is-resized\"><img loading=\"lazy\" decoding=\"async\" width=\"679\" height=\"384\" src=\"https:\/\/huberpower.com\/wordpress\/wp-content\/uploads\/2024\/07\/image-58.png\" alt=\"\" class=\"wp-image-32887\" style=\"width:838px;height:auto\" srcset=\"https:\/\/huberpower.com\/wordpress\/wp-content\/uploads\/2024\/07\/image-58.png 679w, https:\/\/huberpower.com\/wordpress\/wp-content\/uploads\/2024\/07\/image-58-450x254.png 450w\" sizes=\"auto, (max-width: 679px) 100vw, 679px\" \/><figcaption class=\"wp-element-caption\">Besucherraum, Salinenarchiv Leh\u00e1r- St\u00f6ckl, 2021, Foto Thomas Nussbaumer<\/figcaption><\/figure>\n\n\n\n<p class=\"wp-block-paragraph\">Die Bibliothek wird als Bestandsbibliothek ohne Entlehnungsm\u00f6glichkeit gef\u00fchrt. Die Besucher k\u00f6nnen mit Hilfe des Laptops die gew\u00fcnschten Archivarien ausw\u00e4hlen, die dann von den Archivaren zur Benutzung im Besucherraum zur Verf\u00fcgung gestellt werden. Die genauen \u00d6ffnungszeiten sowie die Bestandsliste des Archivs werden auf der Homepage der Stadtgemeinde Bad Ischl bekannt gegeben. 2022 wird das Archiv jeweils am ersten Freitag des Monats zwischen 08:30 Uhr und 12:30 Uhr ge\u00f6ffnet sein. Eine Voranmeldung ist nicht n\u00f6tig. Anfragen betreffend der Archivbest\u00e4nde oder Vorbestellungen k\u00f6nnen jederzeit per Mail an die Archivare Thomas Nussbaumer (thomas.nussbaumer@drei.at), DI Johann Kranabitl (kranabitl@aon.at) und Alexander Savel (savel@traunspiegel.at) gestellt werden.<\/p>\n\n\n\n<h2 class=\"wp-block-heading\">Recherche \u00fcber die Geschichte der Fischerei<\/h2>\n\n\n\n<p class=\"wp-block-paragraph\">Diese Dokumentation \u00fcber die Geschichte der Fischerei im Salzkammergut hat keinen Anspruch auf eine Vollst\u00e4ndigkeit zu dieser Zeit, da hier ausschlie\u00dflich Quellenmaterial aus Salinenarchiven ben\u00fctzt wurde und die vielen Wechselbeziehungen des Salzamtes mit den Landst\u00e4nden, Herrschaften, Kl\u00f6stern und Gemeinden nur unvollst\u00e4ndig und einseitig wiedergegeben sind. Der Einzelforschung bleibt daher noch ein weites Feld zur Bet\u00e4tigung offen; es w\u00e4re eine hohe Befriedigung und sch\u00f6nster Lohn, wenn die Arbeit hierzu den Ansto\u00df zu weiteren Recherchen geben sollte.<\/p>\n\n\n\n<h2 class=\"wp-block-heading\">Danke f\u00fcr die Unterst\u00fctzung<\/h2>\n\n\n\n<p class=\"wp-block-paragraph\">Im  Salinenarchiv sind viele Unterlagen betreffend Fischerei und Wasserbau im Salzkammergut zu finden. In den drei Reformationslibellen, der &#8222;Salzwesensordnungen&#8220; von 1524, 1563 und 1656 sind fischfangrechte f\u00fcr Salinenverwalter und sonstige h\u00f6here beamte vorhanden. Bez\u00fcglich der Traun-Pl\u00e4ne und deren Schiffbarmachung ich auch einiges vorhanden. Ich musste auf Grund der geplanten Seitenanzahl f\u00fcr die Festschrift und das mir freundlicherweise von Hr. Thomas Nussbaumer aufbereitetet Material, jedoch mit Anfang des des 19. Jahrhunderts einen &#8222;Schnitt&#8220; machen, um nicht den Rahmen unserer Festschrift zu sprengen.<\/p>\n\n\n\n<figure class=\"wp-block-image size-full is-resized\"><img loading=\"lazy\" decoding=\"async\" width=\"443\" height=\"166\" src=\"https:\/\/huberpower.com\/wordpress\/wp-content\/uploads\/2024\/07\/image-60.png\" alt=\"\" class=\"wp-image-32894\" style=\"width:840px;height:auto\"\/><\/figure>\n\n\n\n<h2 class=\"wp-block-heading\">Gl\u00fcck auf<\/h2>\n\n\n\n<p class=\"wp-block-paragraph\"><mark style=\"background-color:rgba(0, 0, 0, 0)\" class=\"has-inline-color has-luminous-vivid-orange-color\">Es gibt in Ober\u00f6sterreich 39 Fischereirevier und vermutlich sind die wenigsten in der gl\u00fccklichen Lage, dass eine derart gute Dokumentation \u00fcber mehr als 500 Jahre Geschichte \u00fcber das Salzkammergut in Verbindung mit dem Salzabbau und all seinen Facetten, im Detail, um nicht zu sagen akribisch dokumentiert wurde und \u00f6ffentlich zur Verf\u00fcgung steht. Nur dadurch wurde es m\u00f6glich viele Informationen \u00fcber die Fischereigeschichte in die Festschrift auf zu nehmen.<\/mark> <strong>Petri Dank! <\/strong>   <\/p>\n\n\n\n<figure class=\"wp-block-image size-large\"><img loading=\"lazy\" decoding=\"async\" width=\"1024\" height=\"665\" src=\"https:\/\/huberpower.com\/wordpress\/wp-content\/uploads\/2024\/07\/image-59-1024x665.png\" alt=\"\" class=\"wp-image-32888\" srcset=\"https:\/\/huberpower.com\/wordpress\/wp-content\/uploads\/2024\/07\/image-59-1024x665.png 1024w, https:\/\/huberpower.com\/wordpress\/wp-content\/uploads\/2024\/07\/image-59-450x292.png 450w, https:\/\/huberpower.com\/wordpress\/wp-content\/uploads\/2024\/07\/image-59.png 1181w\" sizes=\"auto, (max-width: 1024px) 100vw, 1024px\" \/><figcaption class=\"wp-element-caption\">Wenn man spezielle Themen hat, ist eine Anmeldung zu empfehlen. <\/figcaption><\/figure>\n\n\n\n<h2 class=\"wp-block-heading\">Weitere Informationen<\/h2>\n\n\n\n<p class=\"wp-block-paragraph\"><a href=\"https:\/\/www.salinen.com\/de\/wissen\/bibliothek\/\" data-type=\"link\" data-id=\"https:\/\/www.salinen.com\/de\/wissen\/bibliothek\/\" target=\"_blank\" rel=\"noreferrer noopener\">Saline Archiv in Bad Ischl<\/a><\/p>\n\n\n\n<figure class=\"wp-block-embed is-type-wp-embed is-provider-fischereimanagement-salzkammergut wp-block-embed-fischereimanagement-salzkammergut\"><div class=\"wp-block-embed__wrapper\">\n<blockquote class=\"wp-embedded-content\" data-secret=\"GBXGeXrvVV\"><a href=\"https:\/\/huberpower.com\/wordpress\/?p=29422\">FISCHEREI 1818 bis 1850 im KAMMERGUT<\/a><\/blockquote><iframe loading=\"lazy\" class=\"wp-embedded-content\" sandbox=\"allow-scripts\" security=\"restricted\" style=\"position: absolute; visibility: hidden;\" title=\"&#8222;FISCHEREI 1818 bis 1850 im KAMMERGUT&#8220; &#8212; Fischereimanagement Salzkammergut\" src=\"https:\/\/huberpower.com\/wordpress\/?p=29422&#038;embed=true#?secret=tTOrS0Sj1R#?secret=GBXGeXrvVV\" data-secret=\"GBXGeXrvVV\" width=\"600\" height=\"338\" frameborder=\"0\" marginwidth=\"0\" marginheight=\"0\" scrolling=\"no\"><\/iframe>\n<\/div><\/figure>\n\n\n\n<figure class=\"wp-block-embed is-type-wp-embed is-provider-fischereimanagement-salzkammergut wp-block-embed-fischereimanagement-salzkammergut\"><div class=\"wp-block-embed__wrapper\">\n<blockquote class=\"wp-embedded-content\" data-secret=\"DPDj8hkVdG\"><a href=\"https:\/\/huberpower.com\/wordpress\/?p=29561\">BAND 1+2: FISCHEREI IM 16. Jhdt. bis 18. Jhdt. &#8211; UND 1750 BIS ZU DEN FRANZOSENKRIEGEN &#8211; IM KAMMERGUT<\/a><\/blockquote><iframe loading=\"lazy\" class=\"wp-embedded-content\" sandbox=\"allow-scripts\" security=\"restricted\" style=\"position: absolute; visibility: hidden;\" title=\"&#8222;BAND 1+2: FISCHEREI IM 16. Jhdt. bis 18. Jhdt. &#8211; UND 1750 BIS ZU DEN FRANZOSENKRIEGEN &#8211; IM KAMMERGUT&#8220; &#8212; Fischereimanagement Salzkammergut\" src=\"https:\/\/huberpower.com\/wordpress\/?p=29561&#038;embed=true#?secret=pJ2NEElh1T#?secret=DPDj8hkVdG\" data-secret=\"DPDj8hkVdG\" width=\"600\" height=\"338\" frameborder=\"0\" marginwidth=\"0\" marginheight=\"0\" scrolling=\"no\"><\/iframe>\n<\/div><\/figure>\n\n\n\n&nbsp;\n<p style=\"text-align: center;\"><strong><span style=\"color: #99cc00;\">\u201eWas der Mensch sei, sagt ihm nur die Geschichte.\u201c<\/span><\/strong><\/p>\n<p style=\"text-align: center;\">Zitat von: Wilhelm Dilthey <\/p>\n<p style=\"text-align: center;\"><img loading=\"lazy\" decoding=\"async\" class=\"aligncenter size-full wp-image-121\" title=\"20080303_17463_Home 250x Fisherman is Home_3333_bearbeitet-1\" src=\"https:\/\/huberpower.com\/wordpress\/wp-content\/uploads\/2012\/07\/20080303_17463_Home-250x-Fisherman-is-Home_3333_bearbeitet-1.jpg\" alt=\"\" width=\"208\" height=\"243\"\/><\/p>\n&#038;nbsp\n","protected":false},"excerpt":{"rendered":"<p>Im Salinenarchiv Leharst\u00f6ckl ist durch die Stadtgemeinde Bad Ischl die umfangreiche ehemalige Salinen Hauptbibliothek f\u00fcr die \u00d6ffentlichkeit zug\u00e4nglich gemacht worden. Der Bibliotheksbestand umfasst Handschriften, Manuskripte und Druckwerke vom 16. Jhdt&#8230;. <a class=\"read-more\" href=\"https:\/\/huberpower.com\/wordpress\/?page_id=32885\">[Weiterlesen]<\/a><\/p>\n","protected":false},"author":4,"featured_media":0,"parent":0,"menu_order":0,"comment_status":"closed","ping_status":"closed","template":"","meta":{"_crdt_document":"","footnotes":""},"class_list":["post-32885","page","type-page","status-publish","hentry","no-post-thumbnail"],"_links":{"self":[{"href":"https:\/\/huberpower.com\/wordpress\/index.php?rest_route=\/wp\/v2\/pages\/32885","targetHints":{"allow":["GET"]}}],"collection":[{"href":"https:\/\/huberpower.com\/wordpress\/index.php?rest_route=\/wp\/v2\/pages"}],"about":[{"href":"https:\/\/huberpower.com\/wordpress\/index.php?rest_route=\/wp\/v2\/types\/page"}],"author":[{"embeddable":true,"href":"https:\/\/huberpower.com\/wordpress\/index.php?rest_route=\/wp\/v2\/users\/4"}],"replies":[{"embeddable":true,"href":"https:\/\/huberpower.com\/wordpress\/index.php?rest_route=%2Fwp%2Fv2%2Fcomments&post=32885"}],"version-history":[{"count":5,"href":"https:\/\/huberpower.com\/wordpress\/index.php?rest_route=\/wp\/v2\/pages\/32885\/revisions"}],"predecessor-version":[{"id":33873,"href":"https:\/\/huberpower.com\/wordpress\/index.php?rest_route=\/wp\/v2\/pages\/32885\/revisions\/33873"}],"wp:attachment":[{"href":"https:\/\/huberpower.com\/wordpress\/index.php?rest_route=%2Fwp%2Fv2%2Fmedia&parent=32885"}],"curies":[{"name":"wp","href":"https:\/\/api.w.org\/{rel}","templated":true}]}}

SALINENARCHIV LEHARSTÖCKL

<p class="wp-block-paragraph">Im Salinenarchiv Leharstöckl ist durch die Stadtgemeinde Bad Ischl die umfangreiche ehemalige Salinen Hauptbibliothek für die Öffentlichkeit zugänglich gemacht worden. Der Bibliotheksbestand umfasst Handschriften, Manuskripte und Druckwerke vom 16. Jhdt. bis heute in rund 5.000 Bänden. Daneben finden sich in der Sammlung historische Grubenkarten und Lagepläne sowie eine umfangreiche Fotodokumentation sämtlicher Salzbergbaue und Salinen.</p>



<p class="wp-block-paragraph">Ergänzt werden die Bestände noch durch Schaustücke aus dem Salinenwesen wie Ölbilder, Aquarelle, Skulpturen, historische Möbel, Mineraliensammlungen, Grubenlampen und bergmännisches Gezähe.</p>



<p class="wp-block-paragraph">Das Salinenarchiv Leharstöckl steht an den Öffnungstagen als Bestandsbibliothek dem interessierten Publikum ohne Voranmeldung zur Verfügung. Anfragen werden von den Archivaren gerne entgegengenommen.</p>



<figure class="wp-block-image size-large"><img loading="lazy" decoding="async" width="1024" height="456" src="https://huberpower.com/wordpress/wp-content/uploads/2024/07/image-57-1024x456.png" alt="" class="wp-image-32886" srcset="https://huberpower.com/wordpress/wp-content/uploads/2024/07/image-57-1024x456.png 1024w, https://huberpower.com/wordpress/wp-content/uploads/2024/07/image-57-450x200.png 450w, https://huberpower.com/wordpress/wp-content/uploads/2024/07/image-57.png 1415w" sizes="auto, (max-width: 1024px) 100vw, 1024px" /><figcaption class="wp-element-caption">Bei der Erstellung der Festschrift, wurde ich bestens von Hr. Thomas Nussbaumer betreut.</figcaption></figure>



<h2 class="wp-block-heading">Das „Lehár-Stöckl“ in Bad Ischl</h2>



<p class="wp-block-paragraph">Beim „Lehár- Stöckl“ handelt es sich um ein 1843 erbautes Nebengebäude der „Lehár-Villa“, die seit dem Tod des Komponisten im Besitz der Stadtgemeinde Bad Ischl ist. Das „Stöckl“ befand sich jahrzehntelang im Alleinbesitz der Gattin Lehárs und wurde von ihr auch bewohnt, später – bis 1985 – war darin das Heimatmuseum untergebracht, seit dessen Umzug diente es fast nur noch zu Depotzwecken und war daher schon ziemlich baufällig. Sowohl Villa als „Stöckl“ stehen unter Denkmalschutz.&lt;</p>



<figure class="wp-block-image size-full is-resized"><img loading="lazy" decoding="async" width="679" height="384" src="https://huberpower.com/wordpress/wp-content/uploads/2024/07/image-58.png" alt="" class="wp-image-32887" style="width:838px;height:auto" srcset="https://huberpower.com/wordpress/wp-content/uploads/2024/07/image-58.png 679w, https://huberpower.com/wordpress/wp-content/uploads/2024/07/image-58-450x254.png 450w" sizes="auto, (max-width: 679px) 100vw, 679px" /><figcaption class="wp-element-caption">Besucherraum, Salinenarchiv Lehár- Stöckl, 2021, Foto Thomas Nussbaumer</figcaption></figure>



<p class="wp-block-paragraph">Die Bibliothek wird als Bestandsbibliothek ohne Entlehnungsmöglichkeit geführt. Die Besucher können mit Hilfe des Laptops die gewünschten Archivarien auswählen, die dann von den Archivaren zur Benutzung im Besucherraum zur Verfügung gestellt werden. Die genauen Öffnungszeiten sowie die Bestandsliste des Archivs werden auf der Homepage der Stadtgemeinde Bad Ischl bekannt gegeben. 2022 wird das Archiv jeweils am ersten Freitag des Monats zwischen 08:30 Uhr und 12:30 Uhr geöffnet sein. Eine Voranmeldung ist nicht nötig. Anfragen betreffend der Archivbestände oder Vorbestellungen können jederzeit per Mail an die Archivare Thomas Nussbaumer (thomas.nussbaumer@drei.at), DI Johann Kranabitl (kranabitl@aon.at) und Alexander Savel (savel@traunspiegel.at) gestellt werden.</p>



<h2 class="wp-block-heading">Recherche über die Geschichte der Fischerei</h2>



<p class="wp-block-paragraph">Diese Dokumentation über die Geschichte der Fischerei im Salzkammergut hat keinen Anspruch auf eine Vollständigkeit zu dieser Zeit, da hier ausschließlich Quellenmaterial aus Salinenarchiven benützt wurde und die vielen Wechselbeziehungen des Salzamtes mit den Landständen, Herrschaften, Klöstern und Gemeinden nur unvollständig und einseitig wiedergegeben sind. Der Einzelforschung bleibt daher noch ein weites Feld zur Betätigung offen; es wäre eine hohe Befriedigung und schönster Lohn, wenn die Arbeit hierzu den Anstoß zu weiteren Recherchen geben sollte.</p>



<h2 class="wp-block-heading">Danke für die Unterstützung</h2>



<p class="wp-block-paragraph">Im  Salinenarchiv sind viele Unterlagen betreffend Fischerei und Wasserbau im Salzkammergut zu finden. In den drei Reformationslibellen, der &#8222;Salzwesensordnungen&#8220; von 1524, 1563 und 1656 sind fischfangrechte für Salinenverwalter und sonstige höhere beamte vorhanden. Bezüglich der Traun-Pläne und deren Schiffbarmachung ich auch einiges vorhanden. Ich musste auf Grund der geplanten Seitenanzahl für die Festschrift und das mir freundlicherweise von Hr. Thomas Nussbaumer aufbereitetet Material, jedoch mit Anfang des des 19. Jahrhunderts einen &#8222;Schnitt&#8220; machen, um nicht den Rahmen unserer Festschrift zu sprengen.</p>



<figure class="wp-block-image size-full is-resized"><img loading="lazy" decoding="async" width="443" height="166" src="https://huberpower.com/wordpress/wp-content/uploads/2024/07/image-60.png" alt="" class="wp-image-32894" style="width:840px;height:auto"/></figure>



<h2 class="wp-block-heading">Glück auf</h2>



<p class="wp-block-paragraph"><mark style="background-color:rgba(0, 0, 0, 0)" class="has-inline-color has-luminous-vivid-orange-color">Es gibt in Oberösterreich 39 Fischereirevier und vermutlich sind die wenigsten in der glücklichen Lage, dass eine derart gute Dokumentation über mehr als 500 Jahre Geschichte über das Salzkammergut in Verbindung mit dem Salzabbau und all seinen Facetten, im Detail, um nicht zu sagen akribisch dokumentiert wurde und öffentlich zur Verfügung steht. Nur dadurch wurde es möglich viele Informationen über die Fischereigeschichte in die Festschrift auf zu nehmen.</mark> <strong>Petri Dank! </strong>   </p>



<figure class="wp-block-image size-large"><img loading="lazy" decoding="async" width="1024" height="665" src="https://huberpower.com/wordpress/wp-content/uploads/2024/07/image-59-1024x665.png" alt="" class="wp-image-32888" srcset="https://huberpower.com/wordpress/wp-content/uploads/2024/07/image-59-1024x665.png 1024w, https://huberpower.com/wordpress/wp-content/uploads/2024/07/image-59-450x292.png 450w, https://huberpower.com/wordpress/wp-content/uploads/2024/07/image-59.png 1181w" sizes="auto, (max-width: 1024px) 100vw, 1024px" /><figcaption class="wp-element-caption">Wenn man spezielle Themen hat, ist eine Anmeldung zu empfehlen. </figcaption></figure>



<h2 class="wp-block-heading">Weitere Informationen</h2>



<p class="wp-block-paragraph"><a href="https://www.salinen.com/de/wissen/bibliothek/" data-type="link" data-id="https://www.salinen.com/de/wissen/bibliothek/" target="_blank" rel="noreferrer noopener">Saline Archiv in Bad Ischl</a></p>



<figure class="wp-block-embed is-type-wp-embed is-provider-fischereimanagement-salzkammergut wp-block-embed-fischereimanagement-salzkammergut"><div class="wp-block-embed__wrapper">
<blockquote class="wp-embedded-content" data-secret="GBXGeXrvVV"><a href="https://huberpower.com/wordpress/?p=29422">FISCHEREI 1818 bis 1850 im KAMMERGUT</a></blockquote><iframe loading="lazy" class="wp-embedded-content" sandbox="allow-scripts" security="restricted" style="position: absolute; visibility: hidden;" title="&#8222;FISCHEREI 1818 bis 1850 im KAMMERGUT&#8220; &#8212; Fischereimanagement Salzkammergut" src="https://huberpower.com/wordpress/?p=29422&#038;embed=true#?secret=tTOrS0Sj1R#?secret=GBXGeXrvVV" data-secret="GBXGeXrvVV" width="600" height="338" frameborder="0" marginwidth="0" marginheight="0" scrolling="no"></iframe>
</div></figure>



<figure class="wp-block-embed is-type-wp-embed is-provider-fischereimanagement-salzkammergut wp-block-embed-fischereimanagement-salzkammergut"><div class="wp-block-embed__wrapper">
<blockquote class="wp-embedded-content" data-secret="DPDj8hkVdG"><a href="https://huberpower.com/wordpress/?p=29561">BAND 1+2: FISCHEREI IM 16. Jhdt. bis 18. Jhdt. &#8211; UND 1750 BIS ZU DEN FRANZOSENKRIEGEN &#8211; IM KAMMERGUT</a></blockquote><iframe loading="lazy" class="wp-embedded-content" sandbox="allow-scripts" security="restricted" style="position: absolute; visibility: hidden;" title="&#8222;BAND 1+2: FISCHEREI IM 16. Jhdt. bis 18. Jhdt. &#8211; UND 1750 BIS ZU DEN FRANZOSENKRIEGEN &#8211; IM KAMMERGUT&#8220; &#8212; Fischereimanagement Salzkammergut" src="https://huberpower.com/wordpress/?p=29561&#038;embed=true#?secret=pJ2NEElh1T#?secret=DPDj8hkVdG" data-secret="DPDj8hkVdG" width="600" height="338" frameborder="0" marginwidth="0" marginheight="0" scrolling="no"></iframe>
</div></figure>



&nbsp;
<p style="text-align: center;"><strong><span style="color: #99cc00;">„Was der Mensch sei, sagt ihm nur die Geschichte.“</span></strong></p>
<p style="text-align: center;">Zitat von: Wilhelm Dilthey </p>
<p style="text-align: center;"><img loading="lazy" decoding="async" class="aligncenter size-full wp-image-121" title="20080303_17463_Home 250x Fisherman is Home_3333_bearbeitet-1" src="https://huberpower.com/wordpress/wp-content/uploads/2012/07/20080303_17463_Home-250x-Fisherman-is-Home_3333_bearbeitet-1.jpg" alt="" width="208" height="243"/></p>
&#038;nbsp

<p>Im Salinenarchiv Leharstöckl ist durch die Stadtgemeinde Bad Ischl die umfangreiche ehemalige Salinen Hauptbibliothek für die Öffentlichkeit zugänglich gemacht worden. Der Bibliotheksbestand umfasst Handschriften, Manuskripte und Druckwerke vom 16. Jhdt&#8230;. <a class="read-more" href="https://huberpower.com/wordpress/?page_id=32885">[Weiterlesen]</a></p>
